
14
Let t(j) be the first derivative of -j**4/4 - j**3/3 + j**2/2 + 2*j + 2. Let v = -8 - -8. What is t(v)?
2
Let o = 10 - 4. Let t(d) = -d**3 + 5*d**2 + 8*d - 8. Let a be t(o). Let p(f) = -f**2 + 2*f - 2*f - f - 3 - a*f. Give p(-4).
1
Let a(i) be the second derivative of i**3/6 + i**2/2 + 7*i. Give a(-4).
-3
Let j be ((-6)/(-4))/((-12)/16). Let t = 5 + j. Suppose -g + 3*w = 4, -t*w = g - 4*w + 4. Let h(u) = u**2 + 5*u + 4. Determine h(g).
0
Let n(i) = -i**2 - 2*i + 4. Let l be n(-3). Let b(k) = 2*k + 1 - 2*k - 2*k - 8*k**2. Calculate b(l).
-9
Let t(d) = d**2 + d - 1. Let h(z) = z**2 + 6*z + 3. Let m(f) = -h(f) + 2*t(f). Let c = -9 - -15. Calculate m(c).
7
Let q be -2 - 2/(-2)*4. Let a(b) = 0*b**2 - 3*b**2 - 5 - b**3 - q*b**2. Let w = 8 - 13. Calculate a(w).
-5
Let d be 3/4 - 85/(-20). Let h(b) = b**2 - 6*b + 2. What is h(d)?
-3
Let p(a) be the third derivative of -a**9/60480 + a**8/4032 - a**7/1260 + a**6/120 + a**5/60 - a**2. Let q(r) be the third derivative of p(r). Give q(4).
6
Let t be 1/((-1)/20*-4). Let d(g) = -g**2 + 3*g + 7. Give d(t).
-3
Let j be -1 + -1 - 15/(-3). Let y be 1*(j + 6/(-3)). Let d(f) = 3*f**2. What is d(y)?
3
Let r(p) be the second derivative of -p**5/60 + p**4/12 - p**2/2 + 5*p. Let j(s) be the first derivative of r(s). Let w be 16/6 - (-2)/(-3). What is j(w)?
0
Let d(g) be the first derivative of -g**4/4 - g**3/3 + g**2/2 + 2. Let n(y) = y**3 + 8*y**2 + y + 11. Let w be n(-8). Suppose w*j - j = 0. Determine d(j).
0
Let f(x) = 2*x**3 - 2*x**2 - 7*x - 4. Let s(r) = -r - 1. Let v(m) = f(m) - 5*s(m). Determine v(2).
5
Suppose -4*s + 2*s = 10. Let i(p) = -p + 5. Let a be i(4). Let o(c) = -3*c**2 + 0*c - a + 4*c**2 + 4*c. Calculate o(s).
4
Let h(p) = -6 + 3 - 2 + 4 + 3*p. What is h(5)?
14
Let j(q) = 2*q - 8. Let i be (-1 - -13)*(-5)/(-10). Give j(i).
4
Let n(j) = 2*j**2 - 5*j - 3. Suppose 0 = 4*f - 22 - 10. Suppose 4*b - f = -2*i, 5*i = 5*b + 5 + 15. Calculate n(i).
9
Suppose 1 = 2*x - 3. Let n(h) = 4 + 6*h - 6*h**2 + h**x + 4*h**2. Calculate n(5).
9
Let u(m) = -4 - m - 6 + 2*m. Let t(v) = v - 11. Let g(q) = 3*t(q) - 4*u(q). Let r = 14 - 10. Calculate g(r).
3
Let o be (0 + 1)*1/(-1). Let z(j) = -7*j - 1. What is z(o)?
6
Let n(m) = 2*m - 7. Let c(j) = -2*j + 5. Let d be c(5). Give n(d).
-17
Suppose -8 + 3 = -5*i. Let d(n) = n**2 - 2*n + 1. What is d(i)?
0
Let u(k) be the second derivative of k**6/120 + k**5/60 - k**4/8 - k**3/3 - 5*k**2 - 2*k. Let v(g) be the first derivative of u(g). What is v(-2)?
0
Let d(j) = -7*j + 5*j - j + 3 + 1. Determine d(3).
-5
Suppose 4*k + k = 10. Let m(z) = k*z - 3*z + 0*z. Calculate m(-4).
4
Let m(n) = -4*n + 16. Let q(a) = -2 - 1 - a + 1 + 5. Let s(g) = -2*m(g) + 11*q(g). Give s(3).
-8
Let x(i) = 6*i**2 - 6*i**3 + 12*i**2 - 19*i**2 + 2*i - 4 + 5*i**3. Let f = -3 + 5. Suppose -2*z - 7 = -h, -z - 5 = -0*z - f*h. Calculate x(z).
8
Let m(s) = -11*s**3 - 3. Let l(t) = -45*t**3 + t - 13. Let n(a) = 2*l(a) - 9*m(a). Calculate n(-1).
-10
Let r be (-6)/(-39) + 216/(-52). Let z(p) = 5*p - 2. Let j(u) = -9*u + 4. Let s(v) = -4*j(v) - 7*z(v). What is s(r)?
-6
Suppose 0 = 5*r - 5*t + 5, 0*t + 2 = -t. Let x(o) = -o**2 + 5*o + 9. Let i be x(6). Let c(q) = -i + 0*q - q + q + q. Calculate c(r).
-6
Let h(c) = -2*c + 10. Let s = -32 - -23. Let w be (s/(-27))/(2/42). What is h(w)?
-4
Let d(w) = w**3 + 4*w**2 - 6*w - 5. Let s(f) = -f. Let r be s(-2). Let i(y) = 0*y**3 - 6*y**3 + 0*y**3 + 2*y**r - 2*y - 1 + 5*y**3. Let v be i(2). Give d(v).
0
Let l(u) = u**2 - 6*u. Let y(r) = r**2 - 6*r + 6. Let h be y(6). Calculate l(h).
0
Let a(j) be the third derivative of 1/24*j**4 + 4*j**2 + 0 + 1/3*j**3 + 0*j. Determine a(-2).
0
Suppose 2*r + 2 = -0. Let d = r + -1. Let t(o) be the second derivative of -o**5/20 - o**4/12 - 2*o. What is t(d)?
4
Let r = 6 + -10. Let u(b) be the third derivative of -b**4/24 + b**3/3 - 2*b**2. Determine u(r).
6
Let q = 26 - 24. Let k(g) = -g**2 + 2*g - 2. What is k(q)?
-2
Let u(l) = l**2 - 6*l + 4. Let t = 3 + -2. Suppose -2*c + 30 = 3*c. Let w = c - t. Calculate u(w).
-1
Let a = -2 - -2. Let t = 6 - 2. Suppose a = -t*v - v - 20. Let w(q) = q**2 + 2*q - 4. Give w(v).
4
Suppose -4*j + 0*j + 8 = 0. Let n(o) = -4 + 6 - j*o - o**2 + 6*o. Let v be (0 + -1)/(3/(-12)). What is n(v)?
2
Let b(k) be the third derivative of k**6/120 + k**5/12 + k**4/8 - k**3 - 2*k**2 - 12*k. Give b(-5).
-21
Suppose 4*y = -y - 20. Let x(v) be the first derivative of 1/4*v**4 + 5/3*v**3 + 5/2*v**2 + 3 - v. Calculate x(y).
-5
Suppose 0 = 3*c + 15, 4*c + 18 = 3*z - 4*z. Let v(o) = -o**2 + 2*o**z + 8*o + 115 - 115. Determine v(-8).
0
Let r(h) be the third derivative of h**6/120 + h**5/20 + h**4/8 + 2*h**3/3 + 5*h**2. Give r(-3).
-5
Let w(i) be the second derivative of -i**3/2 + i**2/2 - i. Let l be 16/24 + (-1)/(-3). Let z be w(l). Let h(v) = v**2 + 5*v + 2. Calculate h(z).
-4
Let m(v) be the third derivative of 5/24*v**4 + 0 + 0*v**3 + v**2 + 0*v. Let s(g) = g**2 + g - 1. Let z be s(1). Give m(z).
5
Let w(o) = -o**2 + 10*o - 3. Let g(y) = y**2 + 9*y - 3. Let a be g(-10). Calculate w(a).
18
Let k(o) = 0*o + 1 + 8*o + o**2 + 3. Let p = -22 + 11. Let r = p + 8. What is k(r)?
-11
Let j(i) = -4*i**3 - 45 + 48 - 6*i**2 - 3*i + 3*i**3. What is j(-3)?
-15
Let v be (5 - 20)*2/6. Let y(n) = 6*n + 4. Let t(h) = 2*h + 1. Let r(q) = -10*t(q) + 3*y(q). Give r(v).
12
Let i = 8 - 16. Let j = i + 11. Let m(l) = -l**2 + 2*l + 1. Determine m(j).
-2
Let i(v) = 7*v**2 + v. Suppose 20*t - 15*t - 5 = 0. What is i(t)?
8
Suppose 0 = 2*k + 4*u + 4, 3*u = -k - 6. Let q(v) = -v**3 + 7*v**2 - 4*v - 7. Determine q(k).
5
Let a(s) be the first derivative of s**3/3 - 3*s**2 + 3*s - 1. Let y(p) be the first derivative of -p**3/3 - 3*p**2 + 10*p - 3. Let t be y(-7). Calculate a(t).
-6
Let t(q) = -q**2 - 3*q + 5. Let o(h) = -6*h**2 - 30*h - 4. Let u be o(-5). Determine t(u).
1
Let s = 0 + 2. Let j(v) = 23*v + 8. Suppose -19 + 1 = 3*a. Let b(z) = 8*z + 3. Let f(h) = a*j(h) + 17*b(h). Determine f(s).
-1
Suppose 0 = 2*l - 0*l. Let d(n) = n**3 + n + 2. Calculate d(l).
2
Let c(r) = -r**2 - 4*r + 4. Suppose 7*x + 16 = 3*x. Calculate c(x).
4
Let x be (-2)/(2*(0 - -1)). Let r(q) be the first derivative of -q**2/2 - q - 6. Calculate r(x).
0
Suppose -4*n + 8 = -3*x, 0 = -2*x - x - n + 2. Let i(j) = 4*j - 6*j + 5 + x*j**2 - j**2. Let l be i(-4). Let q(h) = h**2 + 2*h - 3. Determine q(l).
0
Suppose 4*l - 4 = 16. Let z(g) = -15*g**2 + 4*g**2 - 5 + l + g. What is z(1)?
-10
Let j = 4 - 5. Let z(q) = 2*q**2 - 1. Give z(j).
1
Suppose -w - 3 = 4*u - 21, -2*u + 4*w = 0. Let p(o) be the third derivative of 0 + 0*o + 1/24*o**4 + 1/6*o**3 + 3*o**2. What is p(u)?
5
Let s(f) = -1 - 3*f + 11*f - 7*f. Let t = -12 - -7. Determine s(t).
-6
Let a(x) = 2*x**2 - 6*x. Suppose -3*d + 7 + 5 = 0. Give a(d).
8
Let a(v) = -7*v**2 + 3*v + 8. Let k(b) = 4*b**2 - 2*b - 4. Let n(r) = 3*a(r) + 5*k(r). Let u be (-52)/12 - (-1 - (-4)/6). Calculate n(u).
-8
Let y(q) = -3*q - q - 3 + 2*q + 1 - q**2. Let s(m) = -m - 14. Let j be s(-7). Let b be (-16)/7 + (-2)/j. Give y(b).
-2
Let t be 1*(0 + -4 + -1). Let j(b) = -2*b - 2. What is j(t)?
8
Let m(v) = -v**3 + 2*v**2 + v - 1. Let z(d) = d**2 + 5*d - 7. Let j be z(-6). Let q = -4 - j. Let s be (-5)/(-3) + (-1)/q. Calculate m(s).
1
Let i(c) be the third derivative of -c**6/120 - c**5/60 + c**4/8 + c**3/2 - 6*c**2. Give i(-3).
12
Let y(t) = -t**3 - 5*t**2 - t + 3. Let f(d) be the second derivative of d**3/6 + 3*d**2 + 6*d. Let z be f(-11). Determine y(z).
8
Let s = 8 + -8. Let l(h) = 5*h**2 + h + 2 + 9 - 4*h**2. What is l(s)?
11
Let u be (-117)/54 + 2/12. Let c(g) = -g**2 + 3*g + 3. What is c(u)?
-7
Suppose 3*c = -4*v + 10, -3*v + 6*c = 8*c - 7. Let k(d) = d - 5 - v - 1. Suppose 2*x = 11 - 1. What is k(x)?
-2
Let u = 13 + -12. Let m(q) = -3 + 5*q + 2 - 2 + u. What is m(-2)?
-12
Let n(o) = -o + 3. Suppose 4*h - 3*h = 5. Suppose -4*d = -4*i, -h = d - i - i. What is n(d)?
-2
Let d(a) = a**2 - 5*a - 1. Let v = 1 - -4. Suppose -8 = -v*w + 3*w. Give d(w).
-5
Suppose -2*p + 6 = 5*b - 3*p, 5*p = -5. Let f(d) = -6*d**2 + d + 7. Let c(a) = -3*a**2 + a + 4. Let m(g) = -5*c(g) + 3*f(g). Determine m(b).
-4
Let q(w) = -w + 8. Let z(o) = o + 9. Suppose 2 = 4*j + 18. Let b be z(j). What is q(b)?
3
Suppose -4*f + 10 = -22. Let g be ((-6)/4)/((-3)/f). Let z(x) = 7*x + 15. Let s